number?
True
Is 29544467 a prime number?
True
Is 2966207281 composite?
False
Is 365143817 a composite number?
False
Is 111937079 a prime number?
True
Is 81863657 a prime number?
False
Is 1301427613 prime?
True
Is 3024507491 a composite number?
False
Is 4468613231 prime?
True
Is 891505547 prime?
True
Is 23737665311 prime?
False
Is 80576394797 a composite number?
True
Is 4393079333 a composite number?
True
Is 710121317 composite?
True
Is 275492279 a composite number?
False
Is 996444329 a prime number?
False
Is 1390254751 a prime number?
False
Is 47483306557 a prime number?
False
Is 20960576891 composite?
False
Is 6208401974 a prime number?
False
Is 1406774869 composite?
False
Is 356554117 prime?
False
Is 10889051389 prime?
True
Is 30530561 composite?
True
Is 56364533 prime?
True
Is 12651919351 a prime number?
True
Is 4485810313 composite?
True
Is 131443653653 a composite number?
True
Is 60258216397 a composite number?
False
Is 382365799359 prime?
False
Is 46517231473 composite?
True
Is 4006782317 a prime number?
False
Is 3344724647 a prime number?
False
Is 803641054 composite?
True
Is 26893951309 prime?
True
Is 24592252571 prime?
True
Is 748677029 prime?
True
Is 279909527 composite?
False
Is 12419926817 a prime number?
True
Is 3209118433 prime?
True
Is 167349204713 composite?
True
Is 655817371 a composite number?
True
Is 2020642097 a composite number?
False
Is 246227273 prime?
False
Is 6146089903 prime?
True
Is 1655360863 composite?
True
Is 2047972265 composite?
True
Is 66417757111 prime?
True
Is 9677664181 composite?
True
Is 267434165579 prime?
False
Is 7552170623 composite?
False
Is 10087921 prime?
True
Is 7806615863 a prime number?
False
Is 71034004073 prime?
True
Is 31922538433 prime?
False
Is 138923593 composite?
False
Is 112790255 composite?
True
Is 11538792029 prime?
True
Is 68510400523 composite?
True
Is 558624049 a composite number?
False
Is 12686414087 prime?
True
Is 79425007 a prime number?
False
Is 2855999963 a prime number?
True
Is 1034859053 composite?
False
Is 25458497557 a composite number?
False
Is 20341625141 composite?
True
Is 100761290269 composite?
True
Is 1973501791 prime?
True
Is 894185183 a composite number?
False
Is 172512126793 prime?
True
Is 1768279397 a composite number?
True
Is 105745466731 a prime number?
False
Is 474075145 a composite number?
True
Is 1763109107 prime?
False
Is 40057987219 a composite number?
False
Is 2675629703 a prime number?
True
Is 478279387 a composite number?
False
Is 12282607153 composite?
False
Is 539600629 a composite number?
False
Is 7361229599 a prime number?
True
Is 1159267457 a composite number?
False
Is 911224643 a prime number?
False
Is 216175717 composite?
True
Is 17068047013 composite?
True
Is 12638722849 composite?
False
Is 26674205243 composite?
True
Is 7864201153 prime?
True
Is 2244951587 composite?
False
Is 40724250223 a composite number?
True
Is 5960046947 prime?
False
Is 4365587389 a composite number?
False
Is 81943364927 a composite number?
False
Is 1739795129 a prime number?
True
Is 11858112779 a composite number?
True
Is 3614217686 composite?
True
Is 7638885847 prime?
True
Is 6884160203 composite?
False
Is 2055976961 a prime number?
True
Is 2345052649 a prime number?
True
Is 999898699 a prime number?
True
Is 640905409 composite?
False
Is 33032575529 a prime number?
True
Is 33245085961 composite?
True
Is 701063177 prime?
False
Is 179235523 composite?
False
Is 7902632783 prime?
True
Is 365525491 a composite number?
False
Is 167091839 a composite number?
False
Is 12548671 a composite number?
True
Is 641865671 a prime number?
False
Is 1474173507 a prime number?
False
Is 7183453 composite?
False
Is 15734225909 a composite number?
True
Is 420304896085 prime?
False
Is 3345616151 composite?
False
Is 224216554117 a composite number?
False
Is 59035639153 prime?
False
Is 30489264833 prime?
False
Is 2358232043 a prime number?
True
Is 390499573 a composite number?
True
Is 205931371 a composite number?
False
Is 37326229739 a prime number?
False
Is 7952062447 a composite number?
True
Is 3612321481 a prime number?
True
Is 7993906213 a prime number?
True
Is 496234951 a prime number?
False
Is 17574080437 a composite number?
True
Is 3940376291 a composite number?
True
Is 5311652833 composite?
True
Is 2046176279 prime?
False
Is 2050086199 a composite number?
True
Is 5994446201 prime?
True
Is 44761721179 composite?
True
Is 2257655563 a prime number?
False
Is 107428939 prime?
False
Is 1965072613 a composite number?
True
Is 5419641109 a composite number?
False
Is 6113589211 a composite number?
False
Is 38971279751 composite?
False
Is 19936342169 a composite number?
False
Is 4601699722 a composite number?
True
Is 37256126683 prime?
False
Is 141287543 composite?
True
Is 2184429067 composite?
False
Is 12708842749 composite?
True
Is 11352506591 a prime number?
True
Is 813183353 composite?
False
Is 20254946969 prime?
True
Is 15766620953 composite?
False
Is 14886691301 composite?
False
Is 323001149 prime?
False
Is 3273155953 a prime number?
True
Is 13159250597 a composite number?
False
Is 46207649291 a composite number?
False
Is 24476815981 prime?
False
Is 104430857 a composite number?
False
Is 68399797969 a composite number?
True
Is 9806035159 a prime number?
True
Is 9314622159 composite?
True
Is 220512391573 a composite number?
False
Is 13510086995 a composite number?
True
Is 527502247 prime?
False
Is 943415057 composite?
True
Is 221750339 a composite number?
True
Is 3792970481 composite?
False
Is 1145929669 composite?
False
Is 2598353587 a composite number?
False
Is 61385993741 a composite number?
True
Is 11907733 a prime number?
True
Is 702544243 prime?
False
Is 33624083 prime?
False
Is 1112733493 a prime number?
False
Is 287077597431 prime?
False
Is 57581373167 prime?
True
Is 3047259037 composite?
False
Is 345633288253 composite?
True
Is 2915947123 a prime number?
True
Is 31977944561 a composite number?
True
Is 23075506847 a composite number?
False
Is 27980054269 composite?
True
Is 208455757 composite?
False
Is 3831074251 a prime number?
True
Is 2022732059 a composite number?
False
Is 1975108073 composite?
True
Is 69726882787 prime?
True
Is 2667046651 composite?
False
Is 44262286633 composite?
False
Is 39893364931 prime?
False
Is 1566376291 a prime number?
False
Is 57384289873 a composite number?
False
Is 1170593317 composite?
False
Is 36597997787 prime?
False
Is 561000047 a prime number?
True
Is 998257721 composite?
False
Is 1107895409 a composite number?
True
Is 731258261 composite?
True
Is 6035876437 a composite number?
False
Is 59738006219 a prime number?
False
Is 237130981 a prime number?
True
Is 157877695111 prime?
False
Is 5936037757 a prime number?
False
Is 4855477199 a prime number?
True
Is 6478242937 composite?
True
Is 10718611957 a composite number?
True
Is 770379521 a prime number?
True
Is 10423349639 a composite number?
True
Is 45252034669 prime?
True
Is 1477671729 a composite number?
True
Is 1031507101 prime?
True
Is 34325615362 prime?
False
Is 940702115 a composite number?
True
Is 2735760791 a prime number?
False
Is 1061869471 a prime number?
False
Is 48564731231 prime?
True
Is 807119017 a prime number?
False
Is 470052299 a composite number?
False
Is 161696389499 a prime number?
True
Is 347930621 prime?
False
Is 17450652041 prime?
True
Is 24261673661 a prime number?
False
Is 6365026279 a composite number?
True
Is 1355119649 a composite number?
True
Is 89372278049 a composite number?
False
Is 494924917 a composite number?
False
Is 1112019229 prime?
True
Is 24868762393 a composite number?
False
Is 1105289597 a composite number?
False
Is 403511107 prime?
True
Is 142051913 composite?
True
Is 1526957077 a prime number?
False
Is 29373270711 prime?
False
Is 99588811 a prime number?
False
Is 21001986827 composite?
False
Is 4470918289 a composite number?
True
Is 144522551741 composite?
True
Is 10464431789 prime?
False
Is 4701132341 prime?
False
Is 7553149613 a composite number?
True
Is 127027211 a prime number?
True
Is 1037371843 a composite number?
False
Is 543914421 a prime number?
False
Is 597050029 a prime number?
False
Is 8329597417 a prime number?
True
Is 352375253 composite?
False
Is 18078857 composite?
False
Is 2024829371 composite?
True
Is 50935750687 composite?
True
Is 3233095